m). Calculate w(5).
-7
Let u(p) = -p**3 + 5*p**2 + 2*p - 4. Let d(h) = h**3 + 9*h**2 + 7*h - 3. Let s be d(-8). Suppose -s*o - x + 25 = -5*x, -o + 5 = -x. Determine u(o).
6
Let m(a) = -a**2 - 2*a - 2. Let h be m(0). Let j(d) = 2*d. Determine j(h).
-4
Let h be 2 + (1 - (-8)/(-4)). Let d(p) = -11*p + 1. Let o(s) = 23*s - 3. Let u(n) = 5*d(n) + 2*o(n). Calculate u(h).
-10
Let c(k) = -2*k**3 - 5*k**2 - 2*k. Let v(u) = -u**3 - u**2. Let t(i) = -c(i) + 3*v(i). What is t(3)?
-3
Suppose 0 = 2*r - 4*i - 8, 0*r - 5*r - i + 31 = 0. Let h(g) = g**3 - 5*g**2 - 6*g + 1. What is h(r)?
1
Let y(i) be the second derivative of i**5/20 + i**4/3 - i**3/3 - 3*i**2/2 + i. Determine y(-3).
12
Let t(b) = 2*b + 4. Let n be t(-5). Let i(l) = l**2 + 5*l. Give i(n).
6
Let d be (0*(-3)/9)/(-2). Let h(v) = 5 - 6*v - 4 + 4*v + d. Suppose 0 = 5*m + 5*y + 5, 4*y - 5 = -m - 0*m. Determine h(m).
7
Let s(x) be the first derivative of -x**2/2 - 3. Determine s(-3).
3
Let n be -7 + (-7)/((-7)/4). Let z(p) = -p**3 - 6*p**2 - 2*p + 3. Calculate z(n).
-18
Let h(p) be the third derivative of p**6/60 + p**5/60 + p**4/24 - 11*p**2. Give h(-1).
-2
Let m be 2/4 - (-10)/4. Let q(j) = -j - 1 + 8*j**m + 0*j**2 - 4*j**3 + 0*j**2. Give q(-1).
-4
Let f(c) = -2*c**2 + 5*c**2 + 4*c**2 - 1 - 6*c - 8*c**2. Calculate f(-3).
8
Let y(v) = v**3 - 3*v**2 + 2*v + 2. Let c = 13 - 10. Give y(c).
8
Suppose 3*p = -2*p - 20. Let w = 7 + p. Suppose 3*j - 4*t + 20 = 7*j, w*j + 4*t = 19. Let k(q) = 2*q + 1. Determine k(j).
3
Let g be (-13)/4 - 14/(-56). Let l(s) = -s**3 - 4*s**2 - s + 2. What is l(g)?
-4
Suppose l - 4*z = -12, z = 2*z - 2. Let u(p) = -p**3 - 4*p**2 - 2*p - 2. Determine u(l).
6
Let v(d) = d**2 - 8*d - 5. Let f(m) = -m**2 + 7*m + 4. Let o(p) = -7*f(p) - 6*v(p). What is o(4)?
14
Suppose -5*h = 20, c - 5*h - 26 = -3. Suppose 0*y - c*y = 9. Let n(j) be the second derivative of -j**4/12 - j**3/3 - j**2 + j. Give n(y).
-5
Let m(o) = 5124 - o - 5124. Calculate m(-1).
1
Let w(a) = 2*a + 2. Let f be (12/14)/((-6)/42). Give w(f).
-10
Let w(v) = 2 + 3*v - 5*v**2 + 2*v - 4*v. What is w(2)?
-16
Let u(c) = 3*c**3 + c + 1. Let w = -4 + 12. Let m be (-3)/(-2)*w/6. Let j = m + -3. Determine u(j).
-3
Let q(b) = 6*b - 4. Let i(y) = y. Let z(f) = -2*i(f) + q(f). Let g be (-1 + 4)*(-2 + 3). Determine z(g).
8
Let j = 9 + -6. Suppose 4*z + j = -1. Let m be (2 - 2)/(2*z). Let s(x) = x**2 + 3. What is s(m)?
3
Let f(l) = -7*l + 9. Let r(g) = 6*g - 9. Let b(s) = 5*f(s) + 6*r(s). Give b(5).
-4
Let n(b) = -7*b**2 - 12*b + 6. Let a(m) = -13*m**2 - 23*m + 11. Let z(l) = 6*a(l) - 11*n(l). Let g be (15/9)/((-1)/3). Calculate z(g).
5
Let w(i) = 48 - 2*i + i**2 - 48. Let l(z) = -z**2 + 12*z - 9. Let j be l(11). Calculate w(j).
0
Let k(t) = -3*t + 5. Suppose 0 = -j - j. Suppose 3*v + 7*r - 4*r - 39 = j, r = -2*v + 29. Suppose 0 = -5*c + 14 + 6, y + 3*c - v = 0. What is k(y)?
-7
Let b(f) = -f**3 - 4*f**2 + 5*f + 1. Let n(m) = m**2 + m + 1. Let s be n(-2). Suppose -3*l - 19 = 2*q, 0 = 2*q + s*q + l + 28. Give b(q).
1
Let z(q) be the third derivative of -q**5/60 + 3*q**4/8 + 5*q**3/6 + 21*q**2. Calculate z(10).
-5
Suppose -33 = -4*y - 17. Let h(x) = 16*x**3 - 36*x**2 + 36*x - 36. Let f(b) = -3*b**3 + 7*b**2 - 7*b + 7. Let m(o) = -11*f(o) - 2*h(o). Give m(y).
-1
Let t be -1*(-1 - -2)*3. Let l(i) = -i**3 - 4*i**2 - 3*i. Let r be l(t). Let o(h) = h + r*h + h. Give o(-2).
-4
Let w(g) = -2*g + 3. Let a(m) = 5*m + 40. Let h be a(-8). What is w(h)?
3
Suppose 5*j + 2*y - 12 = 0, -2*y - 8 = 3*j + 3*y. Let k(s) = 0 - 4 + s + 1 - 2. Determine k(j).
-1
Let y be 8/20 - (-4)/(-10). Let c(f) be the third derivative of -2/3*f**3 - 1/20*f**5 + 0 + 1/24*f**4 - 1/120*f**6 + f**2 + y*f. Calculate c(-4).
8
Let t(f) = 5*f**3 - 3 + 3*f + 1 - 5*f + 1. Let l be 0/(2 - 0) - -1. Suppose -k = -0 + l. Calculate t(k).
-4
Suppose -3*p = -4*n - 12, 0*p = 5*n + 2*p - 8. Let o(g) = -4 + n*g + 2*g + 0*g. Determine o(4).
4
Let i(n) = -6*n + 6*n + 8*n + 3*n. What is i(-2)?
-22
Let q be (0 - 1)*(-5 - -6). Let r(c) = 5*c - 3. Let k(o) = -4*o + 4. Let y(i) = 2*k(i) + 3*r(i). Calculate y(q).
-8
Suppose 0 = -15*r + 12*r + 12. Let x(y) be the third derivative of 0*y + 1/60*y**6 - 1/12*y**r + 0 - 1/60*y**5 + y**2 - 1/6*y**3. What is x(-1)?
-2
Let z(a) = 4*a**2 - 11*a + 4. Let r(s) = -7*s**2 + 21*s - 9. Let x(q) = 3*r(q) + 5*z(q). Calculate x(7).
0
Suppose 2*u + 0*m - m - 18 = 0, 3*m = -u + 23. Let n = u - 12. Let s(t) = 3*t. What is s(n)?
-3
Let a(r) be the second derivative of -r**6/120 + r**5/20 + r**4/6 + r**3/2 - 5*r**2/2 + 5*r. Let i(y) be the first derivative of a(y). Give i(4).
3
Let t(u) be the second derivative of u**5/20 - u**4/6 - 3*u**2/2 + u. Let k = 1396 + -1393. Determine t(k).
6
Let n = 8 - 3. Suppose -28 = n*w - 2*b - 5, b - 19 = 4*w. Let q(p) = p + 3. Determine q(w).
-2
Let h(s) = -1. Let l(f) be the third derivative of f**4/12 + f**3/2 - 2*f**2. Let q(x) = -2*h(x) - l(x). Calculate q(2).
-5
Let c(k) = -k. Suppose 0 = 5*b - 4*v - 12, 0 = -3*b - v + 7 + 7. Suppose 4 = 2*l - b*x - 10, 2*l + 2*x + 4 = 0. Determine c(l).
-1
Suppose n + 104 = 3*n. Suppose 5*k - 4*z - 14 = n, -4*k + 52 = -3*z. Suppose -w - k = w. Let m(f) = f - 2. Determine m(w).
-7
Let i(m) = 3*m**2 + m - 3. Let x(v) = -v**2 + 1. Let q(b) = -2*i(b) - 5*x(b). Let f = -3 + 0. Calculate q(f).
-2
Let f(h) be the first derivative of -h**4/4 - 5*h**3/3 - 3*h**2/2 + 7. Give f(-2).
-6
Let p(l) = l + 1. Suppose 4*r + 2*v = -6, -5*v + 16 = -r - 13. Give p(r).
-3
Let f(u) = u**2 + 8*u + 9. Let o be f(-7). Let h(b) = -5 - 8*b + o*b**2 + 13 - b**2. Give h(6).
-4
Let h be (-1)/((-2)/(-4) - 1). Let d(f) = -f + h - 3 + 9. Let w be (3/(-1))/((-6)/8). What is d(w)?
4
Let h = -1 + 5. Let t(d) be the third derivative of d**6/360 + d**5/40 + d**4/6 - 4*d**2. Let z(c) be the second derivative of t(c). What is z(h)?
11
Let y(u) be the first derivative of -2*u**3/3 + u**2 + 3*u - 23. Give y(-2).
-9
Let r(j) be the third derivative of -j**4/12 + 3*j**3/2 - 6*j**2. Let b(h) = -2*h + 10. Let i(t) = -5*b(t) + 6*r(t). What is i(4)?
-4
Let u(a) = -9*a**2 - 5*a - 18. Let y(t) = 4*t**2 + 3*t + 8. Let o(q) = 3*u(q) + 7*y(q). Suppose -z + 29 = -5*x + 9, 2*x + z = -15. Calculate o(x).
-3
Let l = -1 - -1. Let b = 5 - 5. Let m(v) = -v - 20*v**2 - 6 + b*v + 19*v**2. Determine m(l).
-6
Let u = 75 - 82. Let c(r) = -r**3 - 7*r**2 + r + 5. What is c(u)?
-2
Let w(b) be the first derivative of -5*b**2/2 - b - 1. Suppose -h = -2*h + 2. Let l = h - 1. What is w(l)?
-6
Let b = 10 + -15. Let u(g) be the third derivative of 2*g**2 + 0 + 1/60*g**5 + 0*g + 7/24*g**4 + 7/6*g**3. Determine u(b).
-3
Let o(f) = -1 + 1 - 2 + f**2 - 3 + 5*f. Suppose -2*s - 2 = -5*u, -3*s = -u - 3*u + 10. What is o(s)?
1
Let f be (-1)/(-3) + (-14)/6. Let h(n) be the second derivative of 1/6*n**3 + 4*n + n**2 + 0 + 1/12*n**4. What is h(f)?
4
Let b = 3 + 1. Suppose 5 = -b*n + 33. Let l = -8 + n. Let o(t) = 3*t + 1. Give o(l).
-2
Let a(m) = m + 8. Let d be a(-6). Let y(o) = -o**2 - 5*o + 3. Let s(w) = -3*w**2 - 15*w + 9. Let j(x) = d*s(x) - 7*y(x). What is j(-6)?
3
Let u(t) = t**2 - 2*t - 1. Suppose -2*c = -4*c + 4. Determine u(c).
-1
Let n(x) be the first derivative of 1/2*x**2 - 5*x + 1. Calculate n(5).
0
Let z(o) = 11 - 21 + 8 - 2*o. Let i(v) = -3*v - 3. Let f(b) = -3*i(b) + 5*z(b). Determine f(5).
-6
Suppose -15 = -5*c + 4*t, t + 0*t = c - 2. Let l(k) = -k + k - 2*k + c*k**2 - 3*k**2 - k**3. Give l(4).
-8
Let x(s) be the second derivative of -s**4/12 - 5*s**3/6 - s. Let d(u) = -u - 5. Let i be d(-4). Let b be (0 - -1) + (i - 3). Determine x(b).
6
Let d be (0 - -6)*60/(-18). Let k be ((-2)/(-5))/(2/d). Let q(c) = -c**2 + 1 + c + 0*c - 5*c. Give q(k).
1
Let a be 10/6 + 2/6. Let w(t) = -a*t + 0*t + t. Suppose 8 = -2*l - 3*k, 5 = -2*l - 5*k - 3. Calculate w(l).
4
Let w = 80 + -81. Let m(c) = c**2 - 1. Calculate m(w).
0
Let b(s) be the third derivative of -s**4/12 - s**3/3 - 5*s**2. Let o(h) = h**2 + 6*h - 2. Let i be o(-6). Let q = i - 2. Calculate b(q).
6
Let h(l) = 5*l**3 - l**2 + 2*l - 4. Let z(a) = -a**3 + a**2 - a. Let r(w) = h(w) + 6*z(w). Calculate r(4).
-4
Let q be 78/5 + (-4)/(-10). Suppose 5*p + 35 = 5*w, 3*w - p = -3*p + q. Let x(j) = j - 1. Calculate x(w).
5
Let n = -1 + 13. Suppose x = -x - n. Let l(f) = -f**3 - 5*f**2 + 6*f. What is l(x)?
0
Let l(m) = -5 + m